6*x - 3 + x**2. Determine f(k).
-2
Let b(s) = s**2 + 5*s + 2. Suppose -4*x - 3*m = -7*m + 20, 3 = 3*m. Calculate b(x).
-2
Let g be -5 - 0 - 6*(-16)/4. Let u(i) = -i**3 + 17*i**2 + 39*i - 12. Give u(g).
7
Let m(d) = -d**3 + 5*d**2 - 4*d + 5. Suppose -3*j + 2 = -4. Suppose 0 = j*r - 14 + 2. Let v(o) = o - 2. Let i be v(r). What is m(i)?
5
Let m(w) = -w**3 + 5*w**2 - w - 9. Let b be -1 + (7 - 5)*(-5)/(-2). What is m(b)?
3
Let r be (-8)/14 - 2523/203. Let f(p) = -p**2 - 17*p + 12. Calculate f(r).
64
Let c(b) be the second derivative of 16*b + 2/3*b**3 + 0 - b**2. Calculate c(5).
18
Let f(q) be the second derivative of q**6/36 - q**5/120 - q**4/24 - q**3 - 13*q. Let k(z) be the second derivative of f(z). What is k(-1)?
10
Let f(i) = i**2 - 4 - 8*i - 2*i**2 - 4. Suppose p + 2*p = 2*l + 152, p - 56 = 2*l. Suppose 11*d = 3*d - p. Determine f(d).
4
Let w be 1*((-1)/1)/(4/4). Let t(s) = -1 + 4*s**3 - s**2 - 2*s**3 - 5*s**3 - s + s**3. What is t(w)?
1
Suppose 90 = 16*i + 14*i. Let m(j) be the second derivative of 3*j - 9/2*j**2 + 0 + 1/12*j**4 + 0*j**i. What is m(0)?
-9
Let i(b) = -b - 8. Let w be (-15)/21 + (-4)/14. Let h(v) = 2 - 1 - 2*v + 2 - v**2 - 4. Let l be h(w). Calculate i(l).
-8
Let t(k) = -2*k - 8. Let i be t(-6). Let r(f) = -f + 25 - 12 - 12 - f. Calculate r(i).
-7
Let w(m) be the second derivative of m**4/3 - 2*m**3/3 + 11*m. Suppose -3*z - 24 = -4*p, 3*z - 9 = 2*p - 27. Calculate w(p).
24
Let a(i) = -i**3 + 2*i**2 + 2*i - 5. Let h = 156 + -152. What is a(h)?
-29
Suppose 6*s + 4*q - 29 = s, 0 = -2*s + 4*q + 6. Suppose -3*u + 16 + 17 = -s*i, 4*i + 27 = 3*u. Let z(y) = 4*y + 12 - 16 - 4*y - y. Determine z(i).
2
Suppose 0 = 6*s - 2*s - 16. Let d(t) = -4449*t + 3*t**3 - 5*t**2 + 2 - 2*t**3 + 4449*t. Give d(s).
-14
Let h(z) = 24 - 14 - 2 - 4*z - 12. Let b = -4 - -7. Let n be 1*(-2 + -4 + b). Determine h(n).
8
Let j(c) = 0*c + 31 + 8*c - 2*c - 23 - c. Calculate j(-5).
-17
Let c be (-1 + -11)/(-2)*1. Let p(h) be the first derivative of h**4/8 + h**3/6 - 15*h**2/2 - 5. Let d(q) be the second derivative of p(q). What is d(c)?
19
Let u = -55 + 54. Let f(o) = -1 - 5*o + 3*o - 3*o - o. Determine f(u).
5
Let d(t) = 3*t**3 - 10*t**2 - 3*t + 20. Let s(u) = -4*u**3 + 10*u**2 + 6*u - 21. Let j(b) = -5*d(b) - 4*s(b). What is j(-11)?
-38
Let k(t) = 2*t**3 + 2*t**2 + 4*t + 3. Suppose -2*a + 7*a + 5 = 0. Let c(w) = w**3 - w**2 - w. Let s(n) = a*k(n) + 3*c(n). Give s(6).
-9
Suppose 5*o + 10 = -2*i, 0 = -3*o + 4*i - 3*i - 6. Let r = o + 5. Let t(u) = 0 - 7 + 2*u + 3 - 20 + 27. Give t(r).
9
Let i(y) be the first derivative of -1/2*y**2 + 2*y + 19. Determine i(8).
-6
Let r(k) = k - 19. Let x be r(17). Let z(u) = 3*u**3 + 5*u**2 - 5*u - 2. Let c(t) = 7*t**3 + 11*t**2 - 10*t - 4. Let b(i) = x*c(i) + 5*z(i). Calculate b(-4).
2
Let m(q) = -q**2 - q - 1. Let l(k) = -k. Let f be 10 + -7 - (-1 + 2). Let v(p) = f*l(p) + m(p). Give v(-2).
1
Let i(t) = -7*t**3 - 5*t**2 - 5*t + 4. Let w(n) = 15*n**3 + 11*n**2 + 11*n - 8. Let k(r) = -13*i(r) - 6*w(r). Determine k(0).
-4
Let c = -56 - -62. Suppose 6 = c*q + 18. Let s(h) = 2*h**3 + 2*h**2 + h + 1. What is s(q)?
-9
Let s(h) = -h**3 + 3*h**2 - 6*h + 3. Let j be s(2). Let v = 14 + -12. Let z(w) = -4*w**2 + 3 + 4*w - w**3 + v*w + 0*w. What is z(j)?
-2
Let w(a) be the second derivative of -a**4/24 - a**2/2 - 2*a. Let q(y) be the first derivative of w(y). Suppose k + v + 1 = 0, 0*v + 8 = 4*v. Determine q(k).
3
Let v(f) = -2*f**2 - 11*f - 5. Suppose 0 = -4*j + 4*d - 10 + 6, 4*j + 2*d + 34 = 0. Determine v(j).
-11
Suppose 2*x + 18 = -8. Let m(b) = b**2 + 13*b - 10. Determine m(x).
-10
Let f(t) = t**3 + 11*t**2 + 9*t - 1. Suppose 12*y = 14*y + 20. What is f(y)?
9
Suppose -u + 3*u - 18 = 0. Let h(x) = -5*x**2 + 3 - 3*x**2 + u*x - 9 + x**3. Give h(7).
8
Let p(b) = 7*b + 1. Let f be 3*(-21)/(-45) - 6/15. Give p(f).
8
Let v be (75/(-10))/((-3)/10). Suppose -2*n + v = 9. Let d(j) = -2*j + 6. What is d(n)?
-10
Let c be ((-2)/4*0)/(-2) - 0. Suppose 2 = -2*v - c*v. Let d(a) = 5*a - 1. Give d(v).
-6
Let q(s) = 11*s - 1. Let i(u) = 170 + 20*u - 171 - 4*u. Let r(g) = 5*i(g) - 7*q(g). Calculate r(4).
14
Let l(c) = -4 + 1 - c + 2. Let z = 17 - -45. Let p = -57 + z. What is l(p)?
-6
Let u = -14 + 7. Let p(o) = o + 10. Let q be p(u). Let j(z) = q*z + 0*z**2 + 5*z**2 - 12 + 5 - 4*z**2. Determine j(-5).
3
Let w(q) = -3*q**2 - 43 - 11*q + 13*q + 2*q**2 - 4*q - 11*q. Calculate w(-8).
-3
Let q = -216 - -215. Let a(k) = 8*k**3 - k**2 + 2*k + 1. What is a(q)?
-10
Let i = -19 + 34. Suppose -4*c = -4*d, d + c - 5*c + i = 0. Let g(j) = j - 2*j - 1 - j. What is g(d)?
-11
Let d(i) be the first derivative of -i**2 - 3*i + 4. Let u(m) = -6*m**2 - 41*m + 2. Let c be u(-7). Give d(c).
7
Let r(g) be the third derivative of -g**5/60 + 3*g**2. Suppose -3*o + 2*d = 0, 3*d - 5 = 3*o - o. Suppose j = o*j. Determine r(j).
0
Let k(t) be the third derivative of t**4/12 + t**3 - 194*t**2. What is k(-4)?
-2
Let q(j) be the first derivative of -2*j**2 - 13*j + 14. Let c(l) = -5*l - 14. Let v(t) = 6*c(t) - 7*q(t). Calculate v(6).
-5
Let g(h) = h + 0*h - h + 1 + h. Suppose -2 - 6 = -4*t, 2*l - 5*t = -24. What is g(l)?
-6
Let p(f) be the first derivative of -f**3/3 + 5*f**2/2 - f + 2. Suppose 0*x + 39 = 13*x. What is p(x)?
5
Let n(w) = -w - 12. Let h(f) = -f - 8. Let k(l) = -2*h(l) + 3*n(l). Calculate k(-17).
-3
Let j(k) be the third derivative of -k**4/12 + 5*k**3/6 - 79*k**2. Suppose 3*y + 2*y = -2*r + 21, -2*r - y + 1 = 0. Let m be 1 + 1/(r/(-8)). Calculate j(m).
-5
Let k(p) = -p - 3. Let r(z) = 22*z**3 - 1. Let s be r(-1). Let w = 29 + s. Calculate k(w).
-9
Suppose -c - 3 = -4. Let r = c + 3. Suppose 3*z - 17 - r = 0. Let i(o) = -o**3 + 7*o**2 - o + 7. What is i(z)?
0
Let z = -8 + 13. Suppose n - 3 = 3*r + 4, -4*r - 16 = -3*n. Let s(k) = -k**2 - k + 1. Let a(u) = -2*u**2 + 3*u + 8. Let w(v) = r*s(v) + a(v). Give w(z).
2
Let u = -1382 - -1378. Let m(j) be the third derivative of -j**4/24 + j**3/6 - j**2. What is m(u)?
5
Let i = -28 - -27. Suppose -6*b + 3*b = 0. Let v(c) = 7*c**2 + 0*c**2 + 0*c - c + b*c. Calculate v(i).
8
Let u(n) = -2*n + 4. Let y(k) = k + 4*k - 5*k**2 - 1 + 3*k**2 + 3*k**2. Let z be y(-6). Let c(m) = m - 9. Let x be c(z). Determine u(x).
12
Let n(m) be the second derivative of -2*m**4/3 - m**3/6 + 17*m - 2. What is n(-1)?
-7
Let y(m) = m**3 - 24*m**2 - m + 15. Suppose -q = 2*v - 34, -10*q + 13*q = -2*v + 82. Calculate y(q).
-9
Let h(n) = n**2 + 8*n + 7. Let w(g) = 90*g + 1 - 91*g + 2. Let f be w(9). Determine h(f).
-5
Suppose -4*c + 2*d = 3*d + 20, 3*d = 0. Let q(v) be the first derivative of v**3/3 + 3*v**2/2 + v + 26. Give q(c).
11
Let r(j) = -j**2 + j + 2. Let a(v) = 17*v**2 - 5*v - 8. Let f(m) = -a(m) - 4*r(m). Calculate f(-1).
-14
Let l(s) = -4 + 20*s + 6*s**2 - 2*s**3 - 44*s + 25*s. What is l(4)?
-32
Let i(t) = -t**3 - 10*t**2 + 13*t + 15. Let v(d) = -d**2 + 7*d + 133. Let a be v(16). Determine i(a).
-7
Let d = -13 + 6. Let s = 11 + d. Let t(c) = 6*c + c - s*c - 2*c. Calculate t(3).
3
Let j be (0 - (0 - 1))*(-18)/2. Let g(t) = 2*t + 10. Calculate g(j).
-8
Let v(x) = -5*x**3 + 3*x**2 - x - 10. Let l(z) = -5*z**2 - 7*z**2 - 5 + 12*z**2 + z**2 - 2*z**3 - z. Let g(f) = -7*l(f) + 3*v(f). Calculate g(4).
-11
Let s(x) = -8*x - 128. Let z be s(-16). Let q(o) be the third derivative of 1/60*o**5 + 0 + 4*o**2 - 1/4*o**4 + 5/6*o**3 + z*o. What is q(4)?
-3
Suppose 2*a = 4*a. Let v(c) = -2*c - 4 - 1 + a*c. Calculate v(-5).
5
Suppose 15 = h - 3*m, -1 + 6 = 3*h + m. Let k(t) = t**3 - 2*t**2 - t + 2. Determine k(h).
8
Let v(k) be the first derivative of -k**4/4 - k**3 + 5*k**2/2 + 5*k + 1. Let d(j) = 81*j - 2191. Let h be d(27). Give v(h).
1
Let g(j) be the second derivative of j**5/20 + j**4/12 + j**3/6 + 3*j. Let h be 0/(20/12 + 35/15). Determine g(h).
0
Let d(m) be the third derivative of -m**6/120 + 2*m**5/15 - m**4/4 - m**3/3 + 555*m**2. Let z be (-40)/(-6) - (-1)/3. What is d(z)?
5
Let r be (-24)/(-5) - (-2)/10. Suppose 0 = 3*m - r*y - 20, 2*y + 8 = 5*m - 0*m. Suppose c + 3*i + 7 = m, -2*i - 2*i = c + 9. Let h(k) = k + 2. Calculate h(c).
1
Let r(p) be the first derivative of p**3/3 - p**2/2 + 2*p + 11. Let n be 7/3 - (-24)/36. Calculate r(n).
8
Suppose -17*a = -13*a - 24. Let x(q) = 4 + 2*q**2 + 4*q + 3*q**2 - a*q**2. Suppose -3 = -0*i + 4*i + 3*s, -5*s - 37 =